ltiple of 6?
False
Is 24 a factor of 432?
True
Is 63 a multiple of 9?
True
Is 55 a factor of 5170?
True
Is 686 a multiple of 105?
False
Does 75 divide 1050?
True
Is 35 a factor of 8785?
True
Is 9 a factor of 603?
True
Does 38 divide 302?
False
Does 5 divide 404?
False
Is 28 a factor of 448?
True
Does 93 divide 25259?
False
Does 55 divide 1540?
True
Is 362 a multiple of 45?
False
Is 138 a factor of 74305?
False
Is 84 a factor of 34430?
False
Is 59089 a multiple of 46?
False
Does 17 divide 8230?
False
Does 3 divide 204?
True
Does 101 divide 10201?
True
Is 800 a multiple of 61?
False
Is 19 a factor of 8284?
True
Does 23 divide 524?
False
Is 153 a multiple of 51?
True
Is 19 a factor of 2091?
False
Does 37 divide 11523?
False
Is 21 a factor of 3645?
False
Is 20 a factor of 4498?
False
Is 364 a multiple of 91?
True
Does 24 divide 1664?
False
Does 8 divide 11857?
False
Is 12860 a multiple of 14?
False
Does 6 divide 103?
False
Is 8592 a multiple of 18?
False
Is 138 a multiple of 23?
True
Is 1501 a multiple of 17?
False
Is 1841 a multiple of 21?
False
Does 5 divide 190?
True
Is 5882 a multiple of 34?
True
Does 32 divide 400?
False
Does 73 divide 17812?
True
Is 4 a factor of 7663?
False
Is 96 a factor of 5379?
False
Is 248 a multiple of 11?
False
Is 66 a factor of 2726?
False
Does 45 divide 39735?
True
Does 6 divide 426?
True
Is 3500 a multiple of 140?
True
Is 7 a factor of 5993?
False
Is 9096 a multiple of 120?
False
Is 282 a multiple of 20?
False
Is 175 a factor of 60234?
False
Is 151 a factor of 56474?
True
Is 3 a factor of 252?
True
Does 42 divide 3810?
False
Is 165 a factor of 9630?
False
Does 89 divide 92115?
True
Is 215 a multiple of 7?
False
Is 4410 a multiple of 13?
False
Is 24 a factor of 9696?
True
Does 3 divide 36?
True
Is 880 a multiple of 88?
True
Does 53 divide 2703?
True
Is 7 a factor of 19565?
True
Is 218 a factor of 41202?
True
Does 93 divide 1767?
True
Is 958 a multiple of 6?
False
Does 56 divide 2184?
True
Does 26 divide 363?
False
Does 37 divide 4366?
True
Is 20 a factor of 1980?
True
Does 2 divide 3143?
False
Does 95 divide 7980?
True
Does 37 divide 1354?
False
Is 22 a factor of 1091?
False
Is 12241 a multiple of 3?
False
Does 24 divide 2483?
False
Does 23 divide 348?
False
Is 12 a factor of 10086?
False
Is 14 a factor of 118?
False
Is 22452 a multiple of 12?
True
Does 40 divide 1280?
True
Is 2652 a multiple of 6?
True
Is 26 a factor of 26752?
False
Is 20 a factor of 200?
True
Does 24 divide 4451?
False
Is 9 a factor of 11154?
False
Does 19 divide 7181?
False
Is 498 a multiple of 74?
False
Is 4672 a multiple of 73?
True
Does 35 divide 14981?
False
Is 1786 even?
True
Does 19 divide 161?
False
Is 350 a multiple of 10?
True
Does 45 divide 1710?
True
Is 11 a factor of 66?
True
Is 17 a factor of 9112?
True
Does 32 divide 36608?
True
Is 450 a multiple of 3?
True
Is 48 a factor of 8112?
True
Does 2 divide 8?
True
Does 28 divide 10011?
False
Does 22 divide 5434?
True
Does 76 divide 11238?
False
Is 11 a factor of 1441?
True
Is 5389 a multiple of 13?
False
Does 95 divide 60990?
True
Does 23 divide 5907?
False
Does 17 divide 119?
True
Does 15 divide 21103?
False
Is 51 a factor of 31858?
False
Is 559 a multiple of 8?
False
Does 7 divide 553?
True
Does 54 divide 12647?
False
Is 6864 a multiple of 12?
True
Is 10 a factor of 15681?
False
Does 13 divide 2516?
False
Does 31 divide 2232?
True
Is 136 a multiple of 17?
True
Does 74 divide 2621?
False
Does 34 divide 9146?
True
Is 2649 a multiple of 2?
False
Is 53 a factor of 2625?
False
Does 17 divide 17?
True
Does 19 divide 1004?
False
Does 23 divide 16473?
False
Is 2021 a multiple of 77?
False
Is 265 a multiple of 38?
False
Is 392 a multiple of 14?
True
Is 22 a factor of 1848?
True
Is 34 a factor of 8568?
True
Is 19480 a multiple of 4?
True
Is 1932 a multiple of 92?
True
Is 24 a factor of 607?
False
Is 330 a multiple of 55?
True
Does 196 divide 6468?
True
Does 35 divide 33495?
True
Does 115 divide 8856?
False
Is 11 a factor of 26609?
True
Is 53 a factor of 25493?
True
Does 25 divide 2436?
False
Is 9 a factor of 18?
True
Is 4 a factor of 366?
False
Is 18 a factor of 508?
False
Is 4 a factor of 12380?
True
Does 24 divide 42644?
False
Does 26 divide 111722?
True
Is 5 a factor of 7790?
True
Is 3 a factor of 1995?
True
Is 14 a factor of 2166?
False
Is 14 a factor of 842?
False
Is 16 a factor of 7212?
False
Is 27 a factor of 1512?
True
Is 34 a factor of 26350?
True
Does 20 divide 34600?
True
Is 3 a factor of 441?
True
Is 4 a factor of 1200?
True
Does 11 divide 341?
True
Is 17 a factor of 3961?
True
Is 10 a factor of 2260?
True
Is 10 a factor of 457?
False
Is 21705 a multiple of 15?
True
Is 33 a factor of 3762?
True
Does 9 divide 26933?
False
Does 65 divide 23188?
False
Is 31574 a multiple of 47?
False
Does 115 divide 76245?
True
Is 103 a factor of 5005?
False
Does 16 divide 1328?
True
Does 9 divide 297?
True
Is 32 a factor of 8512?
True
Is 34 a factor of 5576?
True
Does 19 divide 3285?
False
Is 938 a multiple of 67?
True
Is 4 a factor of 1132?
True
Is 527 a multiple of 17?
True
Is 7 a factor of 63?
True
Is 102 a factor of 5296?
False
Is 6 a factor of 25903?
False
Does 10 divide 5110?
True
Is 4 a factor of 11509?
False
Does 19 divide 10678?
True
Is 38 a factor of 2163?
False
Does 11 divide 3640?
False
Is 73 a factor of 870?
False
Does 3 divide 150?
True
Does 22 divide 176?
True
Is 9756 a multiple of 36?
True
Is 20 a factor of 389?
False
Is 122 a factor of 62952?
True
Is 18 a factor of 5184?
True
Is 26476 a multiple of 60?
False
Does 55 divide 16030?
False
Is 983 a multiple of 27?
False
Does 36 divide 455?
False
Does 13 divide 158?
False
Does 7 divide 5043?
False
Is 172 a factor of 3956?
True
Is 51680 a multiple of 160?
True
Does 8 divide 57144?
True
Is 797 a multiple of 10?
False
Is 1401 a multiple of 11?
False
Is 3003 a multiple of 231?
True
Is 17 a factor of 1139?
True
Is 55420 a multiple of 13?
False
Is 11891 a multiple of 23?
True
Is 7 a factor of 69?
False
Is 196 a factor of 15264?
False
Is 2815 a multiple of 132?
False
Is 8 a factor of 1640?
True
Does 31 divide 1202?
False
Is 3 a factor of 3011?
False
Does 239 divide 9926?
False
Is 8784 a multiple of 14?
False
Is 3107 a multiple of 111?
False
Does 35 divide 490?
True
Is 72 a factor of 96?
False
Does 61 divide 488?
True
Is 24 a factor of 802?
False
Is 33 a factor of 2404?
False
Does 275 divide 11214?
False
Is 211 a factor of 47530?
False
Is 79 a factor of 2291?
True
Is 2302 even?
True
Is 11 a factor of 21692?
True
Is 19 a factor of 3268?
True
Is 51 a multiple of 51?
True
Does 80 divide 1920?
True
Is 800 a multiple of 49?
False
Is 864 a multiple of 32?
True
Is 576 a multiple of 48?
True
Is 156 a multiple of 3?
True
Is 34 a factor of 34356?
False
Is 16 a factor of 689?
False
Is 1652 a multiple of 7?
True
Is 5 a factor of 230?
True
Is 25 a factor of 3551?
False
Is 34 a factor of 1364?
False
Is 3466 a multiple of 4?
False
Is 67 a factor of 2055?
False
Is 30 a factor of 125?
False
Does 54 divide 4212?
True
Is 819 a multiple of 58?
False
Is 1956 a multiple of 12?
True
Is 15 a factor of 33517?
False
Is 10670 a multiple of 97?
True
Is 84 a factor of 7423?
False
Does 54 divide 19315?
False
Is 116 a factor of 25056?
True
Does 3 divide 201?
True
Does 26 divide 10114?
True
Is 10 a factor of 15450?
True
Does 84 divide 25284?
True
Is 6976 a multiple of 65?
False
Is 96 a factor of 5856?
True
Is 15 a factor of 12885?
True
Is 11931 even?
False
Is 75 a multiple of 28?
False
Is 1517 a multiple of 9?
False
Is 240 a multiple of 24?
True
Is 50 a factor of 19436?
False
Does 16 divide 317?
False
Is 3192 a multiple of 57?
True
Is 6820 a multiple of 124?
True
Does 2 divide 29?
False
Is 7236 a multiple of 6?
True
Is 297 a multiple of 17?
False
Is 13 a factor of 3124?
False
Is 15916 a multiple of 6?
False
Is 4 a factor of 356?
True
Does 16 divide 2335?
False
Does 3 divide 147?
True
Does 10 divide 1003?
False
Is 5 a factor of 570?
True
Is 1152 a multiple of 96?
True
Is 50 a factor of 3700?
True
Does 35 divide 33146?
False
Is 60 a multiple of 10?
True
Is 2 a factor of 370?
True
Is 18 a factor of 301?
False
Is 44 a factor of 37166?
False
Does 4 divide 2844?
True
Is 33 a factor of 1947?
True
Is 9197 a multiple of 17?
True
Does 15 divide 73448?
False
Is 19643 a multiple of 6?
Fal